ens digit of 14121?
2
What is the tens digit of 660?
6
What is the ten thousands digit of 23610?
2
What is the thousands digit of 49013?
9
What is the units digit of 1281?
1
What is the thousands digit of 11878?
1
What is the hundreds digit of 6950?
9
What is the tens digit of 6007?
0
What is the ten thousands digit of 18510?
1
What is the thousands digit of 23805?
3
What is the hundreds digit of 56618?
6
What is the units digit of 351?
1
What is the thousands digit of 1358?
1
What is the hundreds digit of 4422?
4
What is the hundreds digit of 5972?
9
What is the units digit of 524?
4
What is the hundreds digit of 19353?
3
What is the hundreds digit of 3175?
1
What is the ten thousands digit of 128676?
2
What is the units digit of 22445?
5
What is the hundreds digit of 350?
3
What is the units digit of 84963?
3
What is the units digit of 3334?
4
What is the ten thousands digit of 89719?
8
What is the ten thousands digit of 46223?
4
What is the units digit of 2830?
0
What is the tens digit of 1741?
4
What is the tens digit of 6780?
8
What is the thousands digit of 97533?
7
What is the thousands digit of 3305?
3
What is the units digit of 84665?
5
What is the units digit of 10941?
1
What is the hundreds digit of 2075?
0
What is the thousands digit of 3688?
3
What is the tens digit of 2137?
3
What is the thousands digit of 4272?
4
What is the units digit of 5735?
5
What is the units digit of 3811?
1
What is the thousands digit of 2752?
2
What is the hundreds digit of 482?
4
What is the units digit of 1472?
2
What is the units digit of 7194?
4
What is the units digit of 108938?
8
What is the units digit of 1382?
2
What is the tens digit of 101?
0
What is the tens digit of 27104?
0
What is the units digit of 4054?
4
What is the tens digit of 25904?
0
What is the hundreds digit of 5641?
6
What is the ten thousands digit of 12456?
1
What is the units digit of 18422?
2
What is the ten thousands digit of 28475?
2
What is the tens digit of 1094?
9
What is the tens digit of 489?
8
What is the units digit of 544?
4
What is the units digit of 43414?
4
What is the thousands digit of 6746?
6
What is the hundreds digit of 18664?
6
What is the ten thousands digit of 37678?
3
What is the hundreds digit of 1369?
3
What is the thousands digit of 2755?
2
What is the thousands digit of 1446?
1
What is the hundreds digit of 16475?
4
What is the units digit of 47266?
6
What is the units digit of 7763?
3
What is the thousands digit of 84225?
4
What is the hundreds digit of 5841?
8
What is the units digit of 41048?
8
What is the tens digit of 289?
8
What is the thousands digit of 2452?
2
What is the units digit of 9788?
8
What is the units digit of 18205?
5
What is the hundreds digit of 189?
1
What is the units digit of 370?
0
What is the units digit of 5186?
6
What is the units digit of 119666?
6
What is the units digit of 9902?
2
What is the hundreds digit of 42807?
8
What is the hundreds digit of 181?
1
What is the units digit of 877?
7
What is the units digit of 1785?
5
What is the units digit of 31113?
3
What is the units digit of 4699?
9
What is the thousands digit of 1485?
1
What is the ten thousands digit of 30616?
3
What is the tens digit of 809?
0
What is the tens digit of 14349?
4
What is the units digit of 4601?
1
What is the hundreds digit of 1139?
1
What is the hundreds digit of 6140?
1
What is the ten thousands digit of 18709?
1
What is the units digit of 186613?
3
What is the units digit of 5088?
8
What is the units digit of 128135?
5
What is the tens digit of 806?
0
What is the ten thousands digit of 39962?
3
What is the thousands digit of 1381?
1
What is the hundreds digit of 565?
5
What is the thousands digit of 3420?
3
What is the tens digit of 1032?
3
What is the tens digit of 115?
1
What is the tens digit of 7793?
9
What is the tens digit of 11140?
4
What is the tens digit of 83952?
5
What is the hundreds digit of 5140?
1
What is the hundreds digit of 4597?
5
What is the tens digit of 27080?
8
What is the ten thousands digit of 24367?
2
What is the hundreds digit of 42473?
4
What is the ten thousands digit of 20790?
2
What is the tens digit of 2572?
7
What is the tens digit of 6537?
3
What is the ten thousands digit of 51624?
5
What is the ten thousands digit of 16670?
1
What is the tens digit of 1135?
3
What is the tens digit of 802?
0
What is the tens digit of 334?
3
What is the ten thousands digit of 13710?
1
What is the tens digit of 5029?
2
What is the units digit of 3292?
2
What is the units digit of 5271?
1
What is the thousands digit of 1464?
1
What is the tens digit of 69732?
3
What is the thousands digit of 27912?
7
What is the hundreds digit of 112782?
7
What is the thousands digit of 1051?
1
What is the thousands digit of 5638?
5
What is the hundreds digit of 92622?
6
What is the units digit of 2100?
0
What is the ten thousands digit of 10253?
1
What is the hundreds digit of 7259?
2
What is the units digit of 123990?
0
What is the hundreds digit of 43998?
9
What is the units digit of 50060?
0
What is the thousands digit of 90721?
0
What is the units digit of 10979?
9
What is the tens digit of 529?
2
What is the ten thousands digit of 23245?
2
What is the thousands digit of 10258?
0
What is the thousands digit of 22403?
2
What is the tens digit of 349?
4
What is the ten thousands digit of 15341?
1
What is the tens digit of 587?
8
What is the units digit of 2087?
7
What is the tens digit of 380?
8
What is the tens digit of 2062?
6
What is the units digit of 14895?
5
What is the tens digit of 113704?
0
What is the tens digit of 17090?
9
What is the tens digit of 337?
3
What is the units digit of 83427?
7
What is the tens digit of 309?
0
What is the units digit of 15256?
6
What is the units digit of 92715?
5
What is the units digit of 1976?
6
What is the hundreds digit of 648?
6
What is the hundreds digit of 5535?
5
What is the tens digit of 2072?
7
What is the units digit of 4215?
5
What is the thousands digit of 22902?
2
What is the ten thousands digit of 14599?
1
What is the ten thousands digit of 49148?
4
What is the units digit of 3817?
7
What is the thousands digit of 2585?
2
What is the hundreds digit of 11998?
9
What is the units digit of 9804?
4
What is the units digit of 4430?
0
What is the hundreds digit of 826?
8
What is the units digit of 10771?
1
What is the hundreds digit of 2469?
4
What is the hundreds digit of 404?
4
What is the units digit of 519?
9
What is the thousands digit of 57328?
7
What is the units digit of 1075?
5
What is the tens digit of 286?
8
What is the tens digit of 14282?
8
What is the thousands digit of 22859?
2
What is the hundreds digit of 133382?
3
What is the tens digit of 33123?
2
What is the units digit of 10783?
3
What is the tens digit of 3812?
1
What is the thousands digit of 52648?
2
What is the tens digit of 1318?
1
What is the hundreds digit of 710?
7
What is the units digit of 9538?
8
What is the hundreds digit of 35005?
0
What is the thousands digit of 2965?
2
What is the thousands digit of 1075?
1
What is the hundreds digit of 2046?
0
What is the units digit of 12892?
2
What is the units digit of 40713?
3
What is the tens digit of 549?
4
What is the tens digit of 15?
1
What is the units digit of 2693?
3
What is the units digit of 3516?
6
What is the units digit of 2311?
1
What is the hundreds digit of 19535?
5
What is the tens digit of 24395?
9
What is the units digit of 13980?
0
What is the units digit of 2761?
1
What is the tens digit of 69413?
1
What is the tens digit of 40156?
5
What is the ten thousands digit of 98908?
9
What is the thousands digit of 9975?
9
What is the thousands digit of 40330?
0
What is the thousands digit of 1340?
1
What is the thousands digit of 11244?
1
What is the tens digit of 2276?
7
What is the hundreds digit of 708?
7
What is the units digit of 2243?
3
What is the hundreds digit of 32419?
4
What is the units digit of 9096?
6
What is the tens digit of 1919?
1
What is the tens digit of 21561?
6
What is the hundreds digit of 2057?
0
What is the hundreds digit of 1120?
1
What is the units digit of 10?
0
What is the tens digit of 87357?
5
What is the tens digit of 6178?
7
What is the hundreds digit of 2709?
7
What is the hundreds digit of 697?
6
What is the 